e 0 = -4*p - 5*o + 92, -6*o = p - 2*o - 34. Suppose p*c + 1515 = 21*c. List the prime factors of c.
5, 101
Let i(w) = -w**2 + w**2 - 36 + 2*w + 16*w**2 - 2*w**3 + w**3. Let n be i(16). List the prime factors of n*(-4)/(-8) - -11.
3
Suppose 3334 = 2*n + 4*o, -o - 3232 = -2*n + 82. Suppose -y + n = 606. What are the prime factors of y?
3, 13
Let v(b) = 16*b**2 + 39*b - 87. What are the prime factors of v(18)?
3, 1933
Let s(a) = -a**3 - 3*a**2 - a - 44. Let b be s(0). Let j = 67 - b. What are the prime factors of j?
3, 37
Let n(c) = -136*c**2 - 7*c - 7. Let w be n(4). Let v = -1516 - w. What are the prime factors of v?
5, 139
Let g = 1282 + 430. List the prime factors of g.
2, 107
Let y(j) = -j**3 - 18*j**2 - 19*j - 30. Let f be y(-17). Suppose 2*b + 4*d + 2 = 0, -5*d = 5*b - f - 16. Suppose i = b*i - 944. What are the prime factors of i?
2, 59
Let a(y) = -y - 5. Let c be a(-5). Suppose 3*f + f = c. Suppose g + 3*k - 245 = -g, f = 3*g - 3*k - 405. List the prime factors of g.
2, 5, 13
Let b(a) = 0*a**2 - 4 - 5*a + a - 2*a**2 - 3*a**3. Let m(j) = j**2 - 6*j - 2. Let s be m(6). What are the prime factors of b(s)?
2, 5
Let b(m) = -2*m**3 + 6*m**2 - m - 2. Let x be b(4). Let u = -36 - x. Suppose -u*z = -3*z + 25. List the prime factors of z.
5
Let n be (9 + -2)*2/1. Let x be ((-49)/n)/(0 + -1)*10. Suppose -43*u + 38*u = -x. List the prime factors of u.
7
Suppose 50*b - 268240 = 22*b. List the prime factors of b.
2, 5, 479
Let b = 435 + 257. Let d = 1397 - b. Suppose 32*v - d = 27*v. List the prime factors of v.
3, 47
Let a be (24/20*1)/(5/(-750)). Let w = 327 + a. What are the prime factors of w?
3, 7
Let n = 75 + -94. Let j(v) = -3*v**3 - 20*v**2 - 2*v**3 - 22*v + 4*v**3 - 15. What are the prime factors of j(n)?
2, 3, 7
Suppose 2*p = 3*n - 5777, -3*n + 3*p + 2806 + 2966 = 0. What are the prime factors of n?
3, 643
Suppose m - 1 = l, -m - 23 = l + 2*l. Let y(b) = -3*b - 9. Let k be y(l). Suppose -4*x = -k*x + v + 182, -x - 2*v = -32. What are the prime factors of x?
2, 3
Let x(a) = 654*a + 576. List the prime factors of x(5).
2, 3, 641
Let w be (-21)/9 + 3 + 3208/(-6). Let v = -202 - w. List the prime factors of v.
2, 83
Let a(i) = -2046*i + 58. Let t(o) = 682*o - 20. Let k(v) = -3*a(v) - 8*t(v). What are the prime factors of k(1)?
2, 167
Suppose 2*i - 2*g = 37790, 121*i - 125*i + g = -75577. List the prime factors of i.
2, 3, 47, 67
Suppose 2*j - 1337 = -401. Suppose -75 - 1823 = -4*o - n, -o = -3*n - j. What are the prime factors of o?
2, 3, 79
Suppose 5*b = 175 + 140. Let s be (-1*1/4)/((-27)/324). List the prime factors of 21 + s/(-6) + b/14.
5
Let s(d) = 10*d - 2. Let q be s(2). Suppose 12 = 14*l - q*l. List the prime factors of 30/(-9)*(l - 15).
2, 3, 5
Let v = 7234 + -3304. What are the prime factors of v?
2, 3, 5, 131
Suppose 3*j - 34891 = 5*c, -3*c = 2*j - 13528 - 9682. List the prime factors of j.
11617
Suppose -341050 = 33*r - 58*r. List the prime factors of r.
2, 19, 359
Suppose 57 = -t - 274. Let o = t - -590. List the prime factors of o.
7, 37
Suppose 0*r - 836 = -3*t - 4*r, 3*r = -t + 272. Suppose 0 = 3*z - y - 1522, 4*z - 395 - 1613 = -4*y. Let n = z - t. What are the prime factors of n?
2, 3, 37
Suppose -11*d = -3*d - 16. Let j(c) = -4*c**2 + 16*c - c + 10 + 5*c**d + 5*c**2. What are the prime factors of j(-6)?
2, 17
Let d(v) = -14*v**3 - 63*v**2 - 78*v - 17. List the prime factors of d(-15).
2, 43, 199
Suppose 4*i - 328 = -v, -2*i - v = -0*v - 162. Let n = -170 + i. What are the prime factors of 5/(-10)*-1 - n/2?
2, 11
Let c = 52 - 48. Let v(r) = r**2 - 8*r + 12. Let s be v(6). Suppose s = 4*j + 4*x - 364, 2*j - c*x = 5 + 147. What are the prime factors of j?
2, 43
Let w = 81 - 80. Suppose -2*q + w = -a, a - 5*a + 12 = 0. What are the prime factors of (-1 + 7 - q)*329/28?
47
Let l = 62477 - 2901. What are the prime factors of l?
2, 11, 677
Let b = -1864 - -5809. What are the prime factors of b/39 - 7/(455/10)?
101
Let d = 5507 + -3851. List the prime factors of d.
2, 3, 23
Let h be 1182/27 - ((-16)/(-18))/(-4). List the prime factors of (-2 - 6)*(h/(-16) + 0).
2, 11
Suppose -4*l + 4*i - 232 = 0, -2*l + 3*i = -2*i + 122. Let m = -52 - l. Suppose v - m*v = 3*t - 39, 0 = -5*t + 5*v + 35. List the prime factors of t.
2, 5
Let x = 531 + -528. Suppose 4*h = -x*k + 2360, 5*h - k - 2093 = 838. What are the prime factors of h?
587
Suppose 39*w + 2*p - 68492 = 34*w, -68519 = -5*w + p. What are the prime factors of w?
2, 13, 17, 31
Suppose 0 = 2*b + 15*b - 612. Suppose -b*x + 19540 - 4420 = 0. What are the prime factors of x?
2, 3, 5, 7
Let r = 630 + -321. Let u = 524 - r. Let n = u - 132. What are the prime factors of n?
83
Suppose -5283*r + 174141 = 3*o - 5280*r, -4*o - 2*r + 232190 = 0. List the prime factors of o.
2, 907
Let w(v) = -45*v + 109. Suppose -38*x = -28*x + 130. List the prime factors of w(x).
2, 347
Suppose -2*j - 75*n + 72*n = -5791, -5*n = -5*j + 14440. What are the prime factors of j?
7, 59
Let y = 6930 + -5942. List the prime factors of y.
2, 13, 19
Let s be (1 - 0)/((-29)/(-58)). Suppose 2*x + s*b = 112, -x + b = 2*x - 176. What are the prime factors of x?
2, 29
Suppose 3*o - 2*o = -3*g + 10536, 0 = 2*g + o - 7024. List the prime factors of g.
2, 439
Let o = -311 + 1214. Let c = o + -337. What are the prime factors of c?
2, 283
Let l = -145 + 143. List the prime factors of ((-240)/72)/(l/90).
2, 3, 5
Suppose -288 = -3*k - 15*k. Let t(l) = 21*l + 40. List the prime factors of t(k).
2, 47
Let b(w) = 4*w - 44. Let h be b(10). Let m(n) = 20*n**2 + 20*n + 9. List the prime factors of m(h).
3, 83
Let q(i) = 363*i**2 + 13*i - 35. Let c be q(3). Let j = c + -1994. List the prime factors of j.
1277
Suppose g - 2 = 0, k + 4*g = 2*k - 2223. List the prime factors of k.
23, 97
Suppose 0 = -h + 77 - 20. Let w = 777 - h. What are the prime factors of w?
2, 3, 5
Suppose -3*w + 5*b = 3*b + 40, -2*w - 2*b = 10. Let n be (0 + 3)*w/(-6). Suppose -2*u - n*z - 13 = u, z = -3*u + 7. What are the prime factors of u?
2
Suppose -3*a + 20544 = -2*r + 2723, -4*r = 8. What are the prime factors of a?
5939
Suppose 0 = -0*r - 2*r - s - 4, -2 = r - 4*s. Let f be (5 - 3)/((-2 - -3)*r). What are the prime factors of (-123)/9*-3 - f?
2, 3, 7
List the prime factors of 7 + 29/((-290)/(-17020)).
1709
Let a(f) = 54*f - 1072. Let g be a(54). Let v = 5 - -2. Suppose -v*t + 32 = -g. What are the prime factors of t?
2, 67
Suppose -10 = -y + n, 3*y - 13*n = -16*n. List the prime factors of 405/(-6)*(y + (-371)/35).
2, 3, 7
Suppose -3*p + c = -0*p - 10371, -5*p - 2*c = -17307. List the prime factors of p.
3, 1153
Let x(g) = 3*g**3 - g**2 + 2*g - 9. Let k(h) = 8*h**3 - 2*h**2 + 6*h - 29. Let j(r) = -4*k(r) + 11*x(r). List the prime factors of j(5).
3, 19
Let i = 22 - 22. Let w be (i + -1)/(11/(-704)). Suppose -38 = -2*t + w. List the prime factors of t.
3, 17
Let x(j) = 21*j - 33. Let z(n) = 11*n + 2. Let b be z(1). List the prime factors of x(b).
2, 3, 5
Let r = 842 - 1691. Let p = r + 1445. What are the prime factors of p?
2, 149
Let h(j) = 2*j**2 + 2*j - 460. Let v be h(12). Let t = 11 - 20. List the prime factors of (v/(-10))/(t/(135/(-1))).
2, 3, 37
What are the prime factors of 385840/(-21)*-3*6/(-15)*-1?
2, 13, 53
Let f(w) = -w**3 - 3*w**2 - 2*w + 5. Let i be f(-2). What are the prime factors of -1 - 0 - (-5)/i*109?
2, 3
Let x be (-7)/(14/(-8)) - -1. Suppose x*d + 79 = 3*r - 50, 189 = 4*r - d. List the prime factors of 1*r - (5 + -6).
7
Let w = 2 + 1. Let k(i) = -27*i + 106. Let h be k(-3). Suppose -w*j + h = -14. List the prime factors of j.
67
Let i be (8720/4)/(((-4)/2)/(-2)). Suppose 0 = 92*h - 87*h - i. List the prime factors of h.
2, 109
Let w = -32803 + 52069. What are the prime factors of w?
2, 3, 13, 19
Suppose 16*q = 22*q - 234. Suppose 0 = 40*i - q*i - 220. Suppose 30*n - i = 26*n. What are the prime factors of n?
5, 11
Let a(d) = d**3 + 100*d**2 - 45*d + 450. List the prime factors of a(-100).
2, 3, 5, 11
Let t be -1 - (-2)/(-8)*4. Let y(k) = -k**3 - 5. Let c be y(t). Suppose -c*v + 199 = -182. What are the prime factors of v?
127
Let j = -29788 - -75895. List the prime factors of j.
3, 47, 109
Let h = -4673 - -63159. List the prime factors of h.
2, 29243
Suppose -2781 = -5*l + 30574. What are the prime factors of l?
7, 953
Suppose 3*f + f + 2